est common factor of 40451 and 302318?
2129
What is the highest common divisor of 5504 and 356384?
1376
Calculate the highest common factor of 75564 and 1548.
36
Calculate the greatest common divisor of 123 and 53259.
123
What is the greatest common divisor of 9715 and 1340?
335
What is the highest common divisor of 70 and 13525?
5
What is the highest common divisor of 2320 and 165680?
80
Calculate the highest common divisor of 89226 and 2826.
18
What is the highest common divisor of 128 and 21184?
64
Calculate the greatest common divisor of 650 and 878450.
50
Calculate the highest common factor of 10972 and 832.
52
What is the highest common divisor of 3523 and 1053?
13
What is the highest common divisor of 2686502 and 2262?
754
What is the greatest common divisor of 56 and 1723652?
28
Calculate the highest common divisor of 11596 and 2626.
26
Calculate the highest common divisor of 1 and 710935.
1
What is the highest common divisor of 138 and 276207?
69
Calculate the greatest common factor of 8 and 2597308.
4
Calculate the greatest common divisor of 3776 and 14.
2
What is the highest common divisor of 2079 and 44429?
77
What is the greatest common factor of 1227975 and 175?
175
What is the highest common factor of 13 and 2712814?
13
What is the greatest common divisor of 26536 and 1984?
248
Calculate the highest common factor of 1731603 and 6783.
969
What is the highest common divisor of 10887 and 14915?
19
Calculate the greatest common factor of 24 and 2725296.
24
Calculate the highest common factor of 72983 and 236.
59
Calculate the highest common factor of 125034 and 1092.
546
What is the greatest common divisor of 559 and 1195142?
559
What is the greatest common factor of 624 and 81744?
624
Calculate the greatest common factor of 8088 and 2040.
24
What is the greatest common divisor of 1040 and 40960?
80
What is the highest common factor of 711 and 38157?
237
What is the highest common divisor of 11417 and 784?
49
Calculate the highest common factor of 324100 and 40.
20
Calculate the greatest common divisor of 21992 and 16.
8
What is the highest common divisor of 80 and 501980?
20
Calculate the highest common divisor of 11 and 123189.
11
What is the highest common divisor of 12765 and 46065?
555
Calculate the highest common divisor of 536 and 104.
8
Calculate the greatest common factor of 6312 and 5608.
8
Calculate the greatest common divisor of 97 and 67.
1
Calculate the highest common divisor of 9008 and 48.
16
Calculate the highest common divisor of 584 and 12629.
73
Calculate the greatest common divisor of 4710134 and 766.
766
What is the highest common divisor of 128 and 163264?
64
What is the highest common factor of 854358 and 1230?
246
What is the highest common factor of 224 and 591680?
32
What is the greatest common factor of 132430 and 68?
34
What is the greatest common divisor of 6 and 1724208?
6
What is the greatest common divisor of 1277854 and 3592?
898
Calculate the greatest common factor of 356 and 67996.
356
What is the greatest common factor of 149 and 51703?
149
What is the highest common factor of 205 and 214553?
41
Calculate the highest common factor of 5292 and 404103.
147
Calculate the highest common factor of 141 and 101191.
47
What is the greatest common factor of 34035 and 1500?
15
What is the greatest common divisor of 1657029 and 674?
337
Calculate the greatest common divisor of 10 and 20045710.
10
What is the greatest common divisor of 103762 and 58?
58
What is the highest common factor of 105 and 138096?
21
Calculate the greatest common divisor of 611644 and 220.
44
What is the greatest common factor of 387 and 491361?
129
What is the highest common factor of 1224250 and 160?
10
What is the highest common factor of 236 and 22774?
118
Calculate the highest common divisor of 104 and 35.
1
What is the highest common divisor of 1288065 and 86?
43
What is the highest common factor of 13928 and 1234369?
1741
Calculate the greatest common divisor of 43264 and 448.
64
What is the highest common factor of 1126671 and 78?
39
Calculate the greatest common factor of 66 and 1275681.
33
Calculate the greatest common factor of 8151 and 13299.
429
Calculate the highest common divisor of 16275 and 55025.
775
Calculate the greatest common divisor of 134776 and 272.
136
Calculate the greatest common divisor of 39 and 1587.
3
Calculate the greatest common factor of 54189 and 4131.
243
What is the highest common divisor of 23199 and 342969?
627
What is the highest common factor of 1222 and 47282?
94
What is the greatest common divisor of 160950 and 30?
30
What is the highest common factor of 1088 and 224320?
64
Calculate the greatest common divisor of 7 and 79093.
7
Calculate the greatest common divisor of 614493 and 44.
11
Calculate the greatest common factor of 17784 and 208.
104
Calculate the greatest common factor of 130 and 622089.
13
What is the highest common factor of 1176 and 36232?
56
Calculate the greatest common factor of 35360 and 1030.
10
Calculate the greatest common factor of 36 and 7520004.
36
Calculate the highest common factor of 109848 and 1311.
69
Calculate the highest common factor of 35028 and 99.
9
Calculate the greatest common factor of 28158 and 767.
13
What is the greatest common divisor of 16379769 and 294?
147
Calculate the greatest common factor of 2641 and 8479.
139
Calculate the highest common factor of 12972 and 6348.
276
What is the greatest common factor of 2134 and 213246?
22
Calculate the highest common factor of 2480 and 564200.
1240
Calculate the highest common divisor of 1819 and 2675.
107
What is the highest common factor of 845 and 3723577?
169
Calculate the highest common divisor of 1504 and 893.
47
What is the greatest common factor of 110775 and 125?
25
Calculate the greatest common factor of 75 and 1113.
3
Calculate the highest common factor of 15228 and 3240.
324
What is the greatest common factor of 1426 and 920?
46
What is the highest common divisor of 13 and 17914?
13
Calculate the highest common factor of 1667 and 13.
1
Calculate the highest common factor of 20 and 1745.
5
What is the greatest common factor of 37679 and 82?
41
Calculate the greatest common factor of 180 and 58590.
90
What is the highest common divisor of 6027 and 12?
3
Calculate the highest common factor of 4631 and 5632.
11
Calculate the greatest common factor of 383 and 19.
1
What is the greatest common divisor of 104871 and 1209?
39
Calculate the greatest common divisor of 5060 and 100234.
46
What is the greatest common factor of 276501 and 148?
37
What is the highest common divisor of 385 and 41305?
55
What is the highest common divisor of 102 and 258?
6
Calculate the highest common divisor of 67887 and 513.
171
Calculate the highest common factor of 33614 and 581.
7
What is the highest common factor of 1553355 and 135?
45
Calculate the highest common divisor of 117 and 29826.
9
Calculate the greatest common factor of 4 and 343528.
4
What is the greatest common factor of 6936 and 96?
24
What is the highest common divisor of 9135 and 1980?
45
Calculate the highest common factor of 492 and 54202.
82
Calculate the highest common divisor of 12390 and 13160.
70
What is the highest common divisor of 57974 and 66458?
1414
Calculate the greatest common divisor of 29540 and 455.
35
What is the greatest common factor of 35412 and 156?
156
What is the highest common divisor of 195 and 423865?
65
Calculate the highest common factor of 32 and 327824.
16
What is the greatest common divisor of 1408 and 16368?
176
What is the greatest common factor of 421722 and 560?
14
Calculate the highest common factor of 5586 and 22762.
38
Calculate the greatest common divisor of 147987 and 28623.
609
What is the highest common divisor of 43 and 6536731?
43
What is the highest common divisor of 13035 and 25520?
55
Calculate the greatest common factor of 135881 and 17.
17
Calculate the highest common factor of 3811 and 777.
37
Calculate the greatest common divisor of 6402 and 9537.
33
What is the greatest common divisor of 7874 and 22413?
31
Calculate the highest common divisor of 3656624 and 16.
16
Calculate the greatest common factor of 88 and 19756.
44
What is the greatest common divisor of 2 and 2731?
1
Calculate the greatest c